y b.
7
Suppose -25*a + 51*a - 936 = 0. What is the remainder when 60 is divided by a?
24
Suppose -9774 = -0*f - 9*f. Calculate the remainder when f is divided by 78.
72
Let o = -434 + 609. What is the remainder when o is divided by 45?
40
Calculate the remainder when (-39)/(-15) - (-4)/10 - -134 is divided by 18.
11
Let l be 1*(0 + -1)*-7. Suppose 5*u - 4*u - l = 3*p, 5*u - 4*p = 35. Calculate the remainder when u is divided by 5.
2
Suppose 4*w = -2*y + 22, -3*y + 3*w + 60 = -0*y. Suppose 0 = -22*l + y*l + 85. What is the remainder when l is divided by 6?
5
Suppose -k - 2*u + 17 = 0, 2*u - 193 = 2*k - 215. What is the remainder when 376 is divided by k?
12
Let x(w) = w**2 - 5. Suppose 12*z - 835 = 7*z. Suppose 12 = 4*p, z = 6*i - 2*i + 5*p. Calculate the remainder when i is divided by x(-5).
18
Suppose -2*t + 1036 = 5*p - 2908, -t = 3. Calculate the remainder when p is divided by 9.
7
Suppose 2*l - 7*l = -20. Suppose -l*a + 16 = 0, 0*u - 3*u - 11 = -2*a. Let v(m) = 5*m**2 + m + 1. What is the remainder when v(u) is divided by 3?
2
Let o(f) = 25*f + 11. What is the remainder when 143 is divided by o(1)?
35
Let r = 258 - 243. Suppose v = -v + 88. What is the remainder when v is divided by r?
14
Let i(m) = -m. Let w be i(1). Let p be 0/(-14) - (-1)/w. Calculate the remainder when 22 is divided by (-1 + p)/(4/(-26)).
9
Let v = -372 + 378. Let p(k) = k**3 + 4*k**2 - 6*k - 3. Let t be p(-5). Suppose 0 = 3*g + 12, -3*n - 5 - t = 4*g. What is the remainder when v is divided by n?
0
Let f = 18 + -11. Let s be 5 + f + (0 - 3). Let q(k) = -k**2 + 13*k + 7. Calculate the remainder when q(s) is divided by 15.
13
Let x = 29 + -5. Let n(w) = w**3 + 10*w**2 + 10*w + 8. Calculate the remainder when n(-6) is divided by x.
20
Suppose 0 = 3*s - 7*s + 5*v + 312, -3*v - 85 = -s. Calculate the remainder when s is divided by 39.
34
Let u = 4 - -6. Calculate the remainder when 74 is divided by u.
4
Let j(a) = -2*a + a**2 + 3*a**3 - a + 5 + a**2 - 3*a**2. What is the remainder when 34 is divided by j(2)?
15
Let l be (-5)/(-1*(-3)/(-81)). Suppose q + o + 166 = 6*q, 3*o = 4*q - l. Calculate the remainder when q is divided by 14.
5
What is the remainder when 3 + (5/2 + -2)*16 is divided by 10?
1
Suppose 5*g + 5*f - 45 = 0, 3*g - 2*f = 3*f - 5. Suppose 9*m = 12*m, 5*p - 320 = -m. What is the remainder when p is divided by g?
4
Let s(l) = -11*l. What is the remainder when s(-1) is divided by (-84)/(-20) - (-20)/25?
1
Suppose -3*x = -0*x - 6, 2*w + 102 = 3*x. Let d = -32 - w. Calculate the remainder when d is divided by 10.
6
Let k = 585 - 513. Suppose -2*y - y + 75 = 0. What is the remainder when k is divided by y?
22
Let n = 58 - -15. Suppose 2 + 4 = 2*c. Suppose 0 = 4*p - 12, 4*o + c*p + 67 = 8*o. Calculate the remainder when n is divided by o.
16
Let l = 55 - 25. Let a = 160 + -72. Calculate the remainder when a is divided by l.
28
Let k = -3 - -9. Let q = 76 + -58. Calculate the remainder when q is divided by k.
0
Suppose 9*w + 85 = 4*w. Let o = -66 - -69. Let r = o - w. Calculate the remainder when r is divided by 8.
4
Let a(l) = -3*l**2 + 10*l + 27. What is the remainder when 246 is divided by a(4)?
18
Let o = -563 + 580. Let r(v) = v**2 + v. Calculate the remainder when o is divided by r(-2).
1
Suppose -x + 36 = x. What is the remainder when x is divided by (-2354)/(-462) + 4/(-42)?
3
Let a(m) = -m**2 - 5*m + 1. Let l be a(-4). What is the remainder when 12 is divided by -3 + -1 + 3 + l?
0
Let j be 1/(2/(-1))*0. Let l(m) = -m**2. Let s be l(j). Suppose 2*d - z = 32, -4*d + s*z + 70 = z. Calculate the remainder when 66 is divided by d.
15
Let f(i) = i**3 + 12*i**2 - 13*i + 8. Let k be f(-13). Let o be (-116)/k - 4/(-8). Let a = o - -25. What is the remainder when a is divided by 7?
4
Suppose -4*y + 12*y = -40. Let z(v) = -v**3 - 5*v**2 - v + 1. Calculate the remainder when 9 is divided by z(y).
3
Let r(c) be the third derivative of c**6/120 + 3*c**5/20 + 7*c**4/24 + c**3/2 + 13*c**2. What is the remainder when r(-7) is divided by 14?
10
What is the remainder when 0/(-1) - (3 - 25/1) is divided by 14?
8
Suppose 2*k - 51 = -2*x + 109, -2*k = -x + 68. What is the remainder when 303 is divided by x?
75
Let x(j) = j**2 - j - 3. Let w(g) = g**2 - g - 28. Calculate the remainder when w(9) is divided by x(4).
8
Suppose 40 = 14*n - 10*n. Suppose -42 = -n*w - 12. What is the remainder when 24 is divided by w?
0
Let z = 21 - 19. Suppose 4 = -z*r + 3*h - h, -5 = 5*r - 4*h. Suppose 3*w = 5*i, 2*w - 7 - 12 = -r*i. Calculate the remainder when 5 is divided by i.
2
Let g be (1 + 0)*(5 - 3). Suppose 2*m + 3*m = -2*s - 25, -g*m - 10 = -5*s. Suppose s = 3*t - 2 - 49. What is the remainder when t is divided by 6?
5
Suppose 8*x - 45 = 35. Let c = -11 - -3. Let k(u) = u**3 + 9*u**2 + 6*u + 11. Calculate the remainder when k(c) is divided by x.
7
Suppose 35*h = 2459 + 1566. Calculate the remainder when h is divided by 11.
5
Let s be (5 + 1)*1*4. Suppose s = 2*w - 6. Let m(h) = -26*h - 99. What is the remainder when m(-6) is divided by w?
12
Let p = -299 + 381. Calculate the remainder when p is divided by 12.
10
Suppose 3*s - 1 = t, -s - 33 = t - 36. Calculate the remainder when 10 is divided by s.
0
What is the remainder when 411 is divided by (80 - -12) + 2 + 9?
102
Let g(d) = -2 + 3*d - 5 - d. Let m be g(4). Let i = m - -13. What is the remainder when i is divided by 10?
4
Let b = 2 - -7. Let t(l) = -l + 7. Let k = -23 - -27. Calculate the remainder when b is divided by t(k).
0
Let t(h) = -h**3 + 7*h**2 + 11*h - 18. What is the remainder when 14 is divided by t(8)?
2
Suppose -4*k + 5*k - 18 = 0. Suppose 30 + k = 3*b. What is the remainder when 109 is divided by b?
13
Let s(c) = 2*c**2 - 3*c - 6. Let v be s(-3). Calculate the remainder when 102 is divided by 486/14 - (-6)/v.
32
Let j(t) = 3*t + 4. Let w(c) = 6*c + 9. Let o(r) = -9*j(r) + 5*w(r). Let q be o(-6). What is the remainder when 7 is divided by (q/6)/((-3)/10)?
2
What is the remainder when (((-15)/4)/5)/(12/(-4832)) is divided by 14?
8
Suppose -12*w + 0*w = -120. Calculate the remainder when 56 is divided by w.
6
Suppose 0 = 5*i, -3*d + d + 44 = -2*i. Let n be 2/(3 - 1) - 4. Let a = 61 - n. Calculate the remainder when a is divided by d.
20
What is the remainder when (-2)/(2/128*-2) is divided by 32?
0
Let w(c) = c**3 + 5*c**2 - 6*c - 2. Let h be w(-6). Let y be 16/(2 - h) - -27. Let n = y - 29. What is the remainder when 4 is divided by n?
0
Let y(s) = -s**2 + 8*s + 9. Let g be y(7). Let d(u) = 8*u**3 - u**2 + 2*u - 1. Calculate the remainder when ((-62)/8)/((-4)/g) is divided by d(1).
7
Suppose -460 = 2*r + 2*r - 4*u, 2*r = -3*u - 215. Let v = r - -133. Calculate the remainder when 229 is divided by v.
19
Let m = -351 + 553. What is the remainder when m is divided by 41?
38
Let a(f) = 13*f + 4. Let b be a(2). Suppose 0 = b*z - 25*z - 115. What is the remainder when 91 is divided by z?
22
Suppose 6*y + 6*y + y = 0. Suppose 2*s + 6*s - 992 = y. Calculate the remainder when s is divided by 25.
24
Suppose 0 = -4*s - 8, 2*s = -4*a + 9*a + 11. Let q(z) = -4*z - 5. Calculate the remainder when 9 is divided by q(a).
2
Let g(v) = -6*v - 27. Let i = 10 + -11. Calculate the remainder when 7/((-7)/(-36)) + i is divided by g(-6).
8
Suppose 12*m - m = 462. Let i = -30 + m. Let p(r) = r**2 - 6*r + 7. Calculate the remainder when i is divided by p(6).
5
Suppose -5*v - 2 = -17. Suppose -13 = 4*s + 5*u, s + u = v - 5. Suppose -3*t + 7 = 2*p + 17, -5*t = -p + 21. Calculate the remainder when s is divided by p.
0
Suppose -98*t = -109*t + 5192. Calculate the remainder when t is divided by 53.
48
Let v(b) = -5*b + 14. Let l = -11 - -5. Let w be v(l). Suppose 50 = 2*u + 5*x, 2*u + 2*u = 4*x + w. Calculate the remainder when 58 is divided by u.
13
Let b(n) = n**2 - 7*n - 35. Let v be 1*(8 + (1 - 4)). What is the remainder when b(13) is divided by (-46)/6*(2 - v)?
20
Calculate the remainder when 358 is divided by 5/(90/6)*21.
1
Suppose 94 = d + 4*w, 5*w = -12 + 2. Calculate the remainder when 1324 is divided by d.
100
Suppose -3*w - 42 = -10*w. Let k(b) = 22*b - 103. What is the remainder when (-3)/((-3)/59) + -2 is divided by k(w)?
28
Let u be ((-5)/(-10))/((-3)/(-150)). Suppose t = -4*t + u. What is the remainder when 2/(3/105*t) is divided by 8?